. Let f(z) = -3*m(z) + 2*s(z). Give f(0).
-1
Suppose -1842*i + 927*i + 936*i = -231. Let k(g) = -g**3 - 11*g**2 - 21*g - 219. What is k(i)?
12
Suppose -2*j - p = -12, 3*p - 20 = -5*j + 3*j. Suppose 0*k - 3*r = k - j, 5*k = -r + 6. Let y(o) = 9*o**3 - 1. Determine y(k).
8
Let l(f) = f**2 - 21*f + 76. Suppose 60 - 20 + 35 = 15*d. Determine l(d).
-4
Let i(z) = -z**3 + 13*z**2 + 14*z + 6. Let w(x) = 58*x - 396. Let y be w(7). Let g be ((-55)/25 + 3)*175/y. Calculate i(g).
6
Let z be ((-6)/24*4)/((-17)/68). Let x(s) = 2*s**2 - s**2 + 0*s**2 - 5*s**2 - 3 + s**3. Give x(z).
-3
Suppose -8*b = 3 + 13. Let a(d) = 15*d + 12. Let l be a(12). Let i(t) = 192 - l - 2*t - t**3 - 3*t**2. Give i(b).
0
Let o(l) = l**3 + 3*l**2 - 3*l + 4. Let k be o(-4). Suppose 3 - 15 = -6*c. Let s(m) = -7*m**c + m**2 - 9 + 11 + 5*m**2. Give s(k).
2
Let q(t) = t**2 + 6*t + 1. Let m(p) be the third derivative of -13/24*p**4 + 0 + 0*p - 1/20*p**5 - 39*p**2 - 1/2*p**3. Let f(k) = 2*m(k) + 5*q(k). Give f(3).
2
Let o(x) = -10*x**2 - 10*x - 5. Suppose 11*j - 56 = 3*j. Let f(d) = 3*d**2 + 4*d + 2. Let t(n) = j*f(n) + 2*o(n). Calculate t(-9).
13
Let x(w) = 3*w + 1. Let u be (8 + -5 + 0)/(15/20). Let j(k) = 4*k + 6. Let l(v) = u*x(v) - j(v). Give l(-2).
-18
Let u(k) = 55*k**2 - 55*k**2 + 8 + 0*k**3 - k**3 - 13. Let n(t) = t**3 - t**2 - t + 7. Let i be n(0). Let p be (i + -3 - 4)/1. Determine u(p).
-5
Let b(c) = c**2 - 2*c - 72. Let n be b(10). Let g(k) = 5 - n + 20 + 2*k - 7. Give g(-8).
-6
Let d(g) = -3*g**3 + 16*g**2 + 18*g - 28. Let p = 33322 + -33316. Give d(p).
8
Let d(g) be the third derivative of g**6/120 - g**5/10 - 3*g**4/8 + 5*g**3/6 - 87*g**2 - g. Suppose j = -4*j - 5. Let k = j - -8. Calculate d(k).
-9
Let q = -18039 - -18015. Let u(p) = -p**2 - 27*p - 26. Calculate u(q).
46
Let t(m) = 2*m - 3. Let h(v) = v - 9. Suppose 15*r - 16*r = -8. Let q be h(r). Let f be ((-12)/(-15))/(q/(-5)). What is t(f)?
5
Let j(a) = 2*a**3 + 16*a**2. Suppose -3 - 33 = 5*w - 4*l, 2*w = -l - 17. Let r be j(w). Let b(u) = -u**3 - u**2 + u - 7. Give b(r).
-7
Suppose 511*c - 68 = 477*c. Let j(i) = 4 + 0*i**2 - 2*i - 3 + 7*i**2. Determine j(c).
25
Suppose 6*l - 173 = -35. Let x be 170/24 + l/(-276). Let a(u) = -u**2 + 5*u + 4. Calculate a(x).
-10
Let b(v) = 4 - 123*v + 117*v - 99*v. What is b(-1)?
109
Let t(y) be the third derivative of -11*y**4/24 - 5*y**3 + 42*y**2 - 2. What is t(-6)?
36
Let h(t) be the third derivative of -t**6/120 + 5*t**5/12 - 47*t**4/24 + 7*t**3/2 + 101*t**2. Let a be h(23). Let f(c) = -c**2 - 4*c - 8. Determine f(a).
-4
Let f(p) = 54*p - 173. Let r(j) = -100*j + 348. Let h(a) = -11*f(a) - 6*r(a). What is h(29)?
-11
Let j(n) = -109*n + 192. Let k be j(2). Let w(g) = -g**3 - 25*g**2 + 26*g - 14. Calculate w(k).
-14
Let h(x) be the first derivative of 1/24*x**4 + 0*x + 15 + 1/120*x**6 + 1/60*x**5 - 7/6*x**3 + 2*x**2. Let z(g) be the second derivative of h(g). Give z(0).
-7
Let b(t) = 358 + 10*t - 11*t - 19*t**2 - 358. Suppose 5*s = 4 + 6, 4*x = -3*s + 10. Give b(x).
-20
Let z(n) be the second derivative of 11*n**3/6 + 15*n**2/2 - 405*n - 4. Determine z(-2).
-7
Let o(q) = 4*q**2 - 299728*q + q**3 + 299728*q. What is o(-2)?
8
Suppose 5*i = 3*a - 21, 2*i - i - 5 = -4*a. Let s(v) = -4*v**2 + a*v**2 - 7 + 0*v + 2*v + 15*v + 0*v**2. Determine s(8).
1
Let d(y) = -6*y**2 + 6*y - 2. Let u(s) = 5*s**2 + s + 3. Let j(l) = 2*d(l) + 2*u(l). Give j(8).
-14
Let g(j) be the first derivative of -j**4/4 + j**3/3 + j**2/2 + j + 46. Let u be (-6 - -1 - -1) + (-84)/(-28). Give g(u).
2
Let a(l) = -10*l - 5 + 3 + l - l**2. Let f(v) = -233*v**2 - 2*v - 2. Let u be f(-1). Let h = 226 + u. What is a(h)?
12
Let k(f) = 24*f + 20. Suppose -11 = -5*o + j - 22, 7 = 5*o + 2*j. Give k(o).
-4
Suppose -11*d = -4*f - 15*d - 24, 2*f + 3*d + 15 = 0. Let k(o) = -3*o - 12. What is k(f)?
-3
Let h(a) = -8*a**3 + 1 + 24*a**3 + 12*a**2 - 15*a - 6*a**3 - 3*a**3 - 6*a**3. Calculate h(-13).
27
Suppose 4*w - 4 = 3*w. Let r(k) be the third derivative of 1/24*k**4 + 5/6*k**3 + 0 - 12*k**2 + 0*k. Calculate r(w).
9
Let m(g) = -14*g**3 + 18*g**2 + 6*g - 50. Let y(r) = -5*r**3 + 7*r**2 + 2*r - 17. Let d(w) = -4*m(w) + 11*y(w). Determine d(-6).
-11
Let k(t) = t**3 - 14*t**2 - 17*t + 33. Let o be k(15). Let l(j) = -461 - 4*j**2 + j**o - 2*j**2 + 463. Give l(5).
-23
Let k(m) = -4*m + 4 - 4*m + m + 5*m. Let i = -43 - -48. Let r(g) = -g**2 + 4*g - 2. Let w be r(i). What is k(w)?
18
Let k = -12 + 17. Let f(o) = o**2 + k + 6*o + 2 - 16 + 8. Let c(n) = n**3 + 7*n**2 + 15*n + 19. Let u be c(-5). Calculate f(u).
-1
Let j(i) = i**3 + 3*i**2 - 3*i. Let f = -979 - -977. Determine j(f).
10
Suppose 3*w + 2*w = 4*t - 20, -8 = 2*t + 2*w. Let p(u) = -4*u - 3*u + 5*u**2 + t*u - 2 - 4*u**2. Calculate p(8).
6
Let m = 0 + 0. Let b be -3 - (-30)/14 - 41/(-7). Let d be b/15*(m - -6). Let x(k) = -3*k**2 + 2*k. Determine x(d).
-8
Let w(q) be the second derivative of q**4/24 + q**3/3 - 29*q**2 + 44*q. Let k(c) be the first derivative of w(c). Give k(0).
2
Let d(b) be the first derivative of 0*b**3 - 25 + 1/2*b**2 + b - 11/4*b**4. Give d(-1).
11
Let i(b) = b**3 + 19 + 0*b**3 - 14 - 118*b**2 + 119*b**2 + 44. Calculate i(0).
49
Let q(k) = -k**2 + 14*k - 10. Let o(c) = c**2 + 25*c - 58. Let j be o(-27). Let m be 28/(-5)*(0 + 10/j). Calculate q(m).
-10
Let c = -46 - -53. Let j(w) = 36 - w - w - w - c. Let h be j(9). Let u(y) = 2*y**2 - 2*y - 2. Determine u(h).
2
Let c = -37 + 45. Suppose 5*x - c*x = -9. Let d(g) = g**3 + g**2 - 2*g - 2. What is d(x)?
28
Let k(l) = l**3 - l**2 - l + 3. Suppose -17*u = -21*u - 4. Let p(f) = -f**3 - f - 8. Let i(g) = u*p(g) - 2*k(g). Let a = 5 - 2. Calculate i(a).
2
Let d(t) be the first derivative of t**2 + 2*t - 378. Let p(h) = 3*h**2 - 11*h - 4. Let f be p(3). What is d(f)?
-18
Let c(z) be the first derivative of z**3/3 - 9*z**2/2 - 6*z + 11. Let g(v) = -2*v - 28. Let y be g(-15). Suppose -y*f = -12 - 4. Give c(f).
-14
Let f(h) = h**2 - h. Let o(i) = 8 + 204*i**2 - 3 + 13*i - 211*i**2. Let x(k) = 6*f(k) + o(k). Calculate x(4).
17
Let z = 14 + -22. Let g be (-50)/4*(z/(-2) + -6). Suppose -28*c + g*c = 15. Let u(d) = -d**2 - 5*d - 1. Give u(c).
-1
Let m(u) = -u**2 - 34*u - 218. Let o = -15300 - -15291. What is m(o)?
7
Suppose 0 = 16*b - 15*b - 80. Let r be (-1 + 6)*64/b. Let i(q) = q. Determine i(r).
4
Let t(o) = o**3 + 6*o**2 - o - 2. Suppose -n = -12 - 11. Suppose -j - 26 = -3*s, 180 - 37 = -5*j + 2*s. Let m = n + j. Determine t(m).
4
Let c(u) = -1 - 3 - 2*u + 7. Let b be (-1)/((-8)/120*3). Suppose -b*v + 24 = 4*z, 0 = 2*z + 9*v - 12*v - 12. Determine c(z).
-9
Let d(j) = -32*j + 94. Let l(n) = -55*n - 6267. Let i be l(-114). Calculate d(i).
-2
Let u(d) = -3*d**3 + 836*d**2 - 428*d**2 + 5 + 3*d - 12*d - 425*d**2. Determine u(-5).
0
Let b(z) = -z - 43 - 35 - 7 + 109 - z**2. Give b(-6).
-6
Let u(n) = -28*n**2 - 1. Let j = 6 + 0. Let x be -6 + 0 - (-30)/j. Determine u(x).
-29
Let r(f) be the second derivative of 8*f + 0 + 1/12*f**4 + 7/6*f**3 + 1/2*f**2. Give r(-6).
-5
Let o(k) = 3*k - 1. Let t = 2737 - 2732. Give o(t).
14
Let b(s) = 13*s - 53. Let j be b(8). Let m(n) = 8*n**2 - 26*n - 9. Let h(r) = -r**2 + 3*r + 1. Let t(i) = j*h(i) + 6*m(i). What is t(-2)?
-9
Let w(p) be the second derivative of -p**3/6 - 5*p**2/2 + p. Suppose 1012*m + 597*m = -18*m + 4881. Determine w(m).
-8
Suppose 2*m - 53 = -3*k, -32 = -2*k + 3*m - 5*m. Suppose k = 10*o + 1. Let t(n) = -2*n**2 + n - 1. Give t(o).
-7
Suppose 468 = -2*z + 2*k, -2*z + 7*z - 4*k = -1174. Let x = z + 239. Let r(f) = 7*f**2 + 1. Give r(x).
8
Let i(p) = 0 + 2 - 48342507*p + 48342513*p. Calculate i(0).
2
Let v(x) = 51190 + 433*x**3 - 25598 - 432*x**3 - 25591 - x**2 - 4*x. Suppose 0*w = -2*w - 5*z - 14, 2*w + 6 = -3*z. Let l = 0 + w. Determine v(l).
7
Let g(r) be the second derivative of 2*r**3/3 - 9*r**2/2 + 111*r + 28. Calculate g(4).
7
Suppose 4*g = -4*f - 8, 2*f + 4*g - 15 = -29. Let c(i) = 8*i**2 + 3*i + 4. Give c(f).
85
Let l be ((-897)/(-312))/((-2)/(-16)). Let w(z) = l - z - 9 - 15 + z**2. Calculate w(0).
-1
Let b(t) be the third derivative of -19*t**4/24 + 5*t**3/6 - 11*t**2 + 3*t. Let w(h) = -17*h + 4. Let x(g) = 5*b(g) - 6*w(g). Calculate x(-1).
-6
Let t(a) = a**2 - 30*a + 1. Let q be t(30). Let x(u) = -21 + q - u + 14. Give x(-8).
2
Let b(i) = -6*i**3 + 7*i**3 + 0 + 7*i**2 